d x?
8
Let l be -3*(8/(-6) - 2). Let z = -19 + 11. Let t = 13 + z. What is the greatest common factor of t and l?
5
Suppose 4*s - 3*o - 354 = 0, 5*o - 401 = -4*s - 31. Calculate the greatest common factor of 110 and s.
10
Let g be 30 - 0*(25/(-15))/(-5). What is the highest common factor of g and 84?
6
Let n = -702 + 952. What is the highest common factor of 30 and n?
10
Let p be 2 + -10 - ((-3)/1 - 23). Suppose 2*d = -3*d - 5*k + 125, -8 = 4*k. What is the highest common divisor of p and d?
9
Suppose -4*b + 37 = -35. Suppose -22*h + 400 = -b*h. Calculate the highest common factor of h and 150.
50
Let n be 12/8 + (-6)/(-4). Suppose -o + 3*w + 2*w = -163, n*o + 5*w = 449. What is the highest common factor of o and 17?
17
Let a = 16 - 10. Suppose 0 = 2*b - 5*o - 14, 13*b - 10*b - 30 = 3*o. What is the highest common factor of b and a?
6
Let q = -80 + 85. Suppose 5 = q*d, 0 = -s - 5*d + d + 121. Calculate the greatest common factor of s and 13.
13
Suppose 247 = -3*u + 22*u. Let z(w) = -w**3 + 13*w**2 + 19*w - 57. Let j be z(u). Calculate the highest common factor of 76 and j.
38
Suppose 7*i - 1773 = -2. Calculate the highest common factor of 69 and i.
23
Suppose 96 = 19*x - 15*x. Suppose x = 2*d + 5*q, -2*q = -3*d - 8 + 82. What is the greatest common divisor of d and 22?
22
Suppose 2*f = 10, 5*v - 4*f + 2 + 3 = 0. Suppose w - 15 = 4*x, 3*w + 5*x - 31 = -v. Let c = -41 + 85. Calculate the greatest common divisor of w and c.
11
Let m(n) = 15*n**3 - 2*n**2 - 5*n - 6. Let y be m(3). Calculate the greatest common divisor of 6 and y.
6
Let n(i) = i**3 - 9*i**2 + 24*i - 11. Let p be n(8). What is the highest common factor of 13 and p?
13
Let g be -7 - 231*-35*1/3. What is the highest common divisor of g and 14?
14
Let z(n) = 37*n + 3. Let y = 2 + -4. Let q be (-6)/y*(-5)/(-15). Let t be z(q). What is the greatest common divisor of t and 20?
20
Let b(p) = -30*p - 24 - 2*p + 24. Let u be b(-2). Let c be ((5 - 0) + -1)/((-1)/(-24)). What is the highest common factor of c and u?
32
Let u be (((-90)/21)/(-15))/(1/35). Let z(c) = 2*c**2 + 6*c + 2. Let q be z(-4). What is the highest common factor of u and q?
10
Suppose 69*s - 1248 = 56*s. What is the highest common divisor of s and 480?
96
Let i = 402 + 22. Calculate the greatest common factor of 8 and i.
8
Suppose -5*g - 35 + 125 = -5*w, -22 = -g - w. Suppose -4*j - t + 485 + 236 = 0, -3*j + 3*t + 537 = 0. What is the highest common factor of j and g?
20
Let q(r) = -r**2 + 4 - 11*r - r - 4*r + 5*r. Let c be q(-11). Let d be 1864/56 - c/14. What is the greatest common factor of 33 and d?
33
Let w(i) = -3*i**3 + 2*i**2 - 2. Let v be w(-1). Suppose -18*x + 15*x + 3 = 0. Calculate the highest common factor of v and x.
1
Let k = 19 + -14. Suppose k*r + n = 32 - 335, 9 = -3*n. Let j be (r/(-14))/((-15)/(-105)). Calculate the highest common divisor of j and 75.
15
Let y(a) = 16*a + 1. Suppose 3 + 9 = 4*r. Let n be y(r). Suppose 0*g - 4*g = -2*j + 2, -g = -4*j + 25. What is the greatest common factor of n and j?
7
Suppose -2*i - 156 = -4*a - 0, 3*a = -i + 127. Let l = a + -14. What is the highest common divisor of 36 and l?
9
Suppose 63*r - 26*r - 25900 = 0. What is the greatest common factor of 28 and r?
28
Let j(p) = 3*p**3 + 3*p**2 - p + 7. Let b be j(3). Let h = b + -106. What is the greatest common divisor of 15 and h?
3
Let c be ((-3)/(-4))/((-5)/(-20)). Suppose c*x + 10*x - 208 = 0. What is the greatest common factor of x and 8?
8
Suppose -2*m + 4*c = -42, -m + 4*m + 2*c = 79. Let g = -13 + m. Let v be 784/6 + (-24)/(-18). What is the greatest common factor of g and v?
12
Let q be 4 - 3/(-12)*-4. Suppose 0 = q*z + 6, -6*i + 2*i + 510 = -3*z. What is the highest common divisor of 14 and i?
14
Suppose -927 = -23*o + 1212. What is the highest common factor of 2697 and o?
93
Let x = -161 + 173. Let y be (-1 - 1)*(1 + (-102)/x). What is the highest common divisor of y and 12?
3
Let i = -31 - 11. Let p = 26 - 62. Let c = p - i. What is the greatest common factor of 2 and c?
2
Suppose -2*w = -3*w + r - 10, 2*w = -2*r - 36. Let v = w - -62. What is the highest common divisor of v and 36?
12
Let o = -17 + 13. Let z be o/(-18) + (-258)/(-54). Suppose 0 = -2*f - 4*p + 46, -z*f + 29 + 72 = -4*p. Calculate the greatest common divisor of 231 and f.
21
Let j = -9 - 0. Let b be (-3570)/(-27) - (-2)/j. Let o = b + -55. Calculate the greatest common factor of o and 7.
7
Let n be (-2)/3 + (-24)/18. Let o be 2*n*(-14)/4. Suppose 0 = -2*j + 4*h + o, -1 - 16 = -5*j + 4*h. Calculate the highest common factor of j and 4.
1
Suppose -20*y + 161 + 279 = 0. Let i(b) = 11 - b**3 + b**3 + 0*b**3 - b**3 + 8*b**2. Let q be i(8). Calculate the greatest common divisor of q and y.
11
Let c be (33 - -1) + -3 - 3. Let k = -9 - -9. Let s be 2/5*(10 + k). What is the greatest common factor of c and s?
4
Suppose -5*q - 7 = 38. Let p(v) = -v**2 - 15*v - 14. Let w be p(q). Calculate the highest common factor of 30 and w.
10
Suppose 8*z - 175 = -23. Calculate the highest common factor of 817 and z.
19
Let r be 15/(0 + (-33)/(-44)). Suppose -2*n = -5 - 1. Let u be (4/2)/(n/6). Calculate the greatest common divisor of u and r.
4
Let c(q) = -q**2 + 15*q + 52. Let s = -78 - -95. Let t be c(s). What is the highest common factor of t and 117?
9
Let c = -8 - -20. Let z = 66 - 66. Suppose z = 5*l - 50 + 20. What is the greatest common factor of l and c?
6
Suppose -5*g + 123 = -i, 3*i - 82 - 29 = -5*g. Calculate the greatest common divisor of g and 104.
8
Let m(z) = -z**3 + 19*z**2 - 3*z + 85. Let d be m(19). Calculate the highest common factor of d and 616.
28
Let z(f) = 6*f**2 - f. Let h be z(-3). Let c = -47 + h. What is the greatest common divisor of 80 and c?
10
Let a = 4776 + -2511. What is the highest common factor of a and 15?
15
Let o be 875/30 + 1/(6*-1). What is the greatest common divisor of 1 and o?
1
Let l be (-30)/9*(-66)/55. Suppose 6 = 3*h, -62 = -4*m - h + 2*h. What is the highest common factor of m and l?
4
Suppose -8*f - 17 + 33 = 0. Suppose 0 = 5*r - r + 2*z - 86, -2*r + f*z + 34 = 0. What is the highest common divisor of 60 and r?
20
Let p(w) = w**3 - 7*w**2 - 9*w - 7. Let f be p(9). Let y = 14 + f. Let r = -50 + y. What is the highest common divisor of 76 and r?
38
Suppose -47 = -2*o + 5*i, -2*i - 234 = -5*o - 64. Let r(x) = 9*x + 18. Let p be r(6). Calculate the greatest common factor of p and o.
36
Suppose 0 = v - l - 362 - 317, v - 685 = -5*l. Calculate the greatest common factor of 20 and v.
20
Let y(z) = z**3 - 5*z**2 - 6*z + 3. Let j be y(6). Suppose -170 = -j*i - 20. What is the greatest common factor of i and 10?
10
Let n = 766 + -761. Let t(v) = v**2 - 5*v + 1. Let a be t(5). Calculate the greatest common divisor of a and n.
1
Let a = -1853 + 2703. Calculate the highest common factor of a and 100.
50
Let t be (-42)/(-9 - 1410/(-160)). What is the greatest common divisor of t and 32?
32
Suppose 0 = 25*g + 32*g - 3363. What is the highest common divisor of 1003 and g?
59
Let h be (-320)/32 + (23 - 1). Calculate the greatest common divisor of 2364 and h.
12
Let d = 493 - 374. Suppose 0 = 3*a + 2*a - 85. What is the greatest common divisor of a and d?
17
Let m(b) = b**3 - b**2 - 2*b + 29. Let o(n) = n**3 + 21*n**2 + n + 21. Let p be o(-21). Let a be m(p). What is the greatest common factor of 261 and a?
29
Suppose 2*p = 5*p + 6. Let a be p/(72/75 - 1). Let g = 189 + -179. Calculate the greatest common divisor of a and g.
10
Suppose 14*s - 4*p - 224 = 10*s, -170 = -3*s + 2*p. Calculate the highest common divisor of 58 and s.
58
Let s = 74 - 61. Let l(w) = -1 - 2 + 10*w**2 - 2*w**3 - 2*w + w + w**3. Let k be l(5). Calculate the highest common factor of s and k.
13
Suppose -4*l + 3 = 5*w + 2, -4*w - 28 = -4*l. Suppose -3*b + 42 = 3*a, -8*a + 5*b + 92 = -l*a. What is the greatest common divisor of 252 and a?
18
Let x be (-4 + -2 + 3)*(-4)/6. Suppose 4*o = 2*o + 16. Calculate the highest common factor of x and o.
2
Suppose 2*h = h + 5*t - 8, 3*h - 5*t + 4 = 0. Calculate the highest common divisor of h and 5.
1
Let h(n) = 11*n. Suppose 5*u = 6 + 29. Let s be h(u). Let a be (1/2)/(1/22). What is the highest common divisor of s and a?
11
Let s(k) = 3*k - 9. Let d(m) = -3*m + 8. Let i(p) = -4*d(p) - 3*s(p). Let h = -559 - -561. Let j b